{"id":179,"date":"2016-02-11T12:02:37","date_gmt":"2016-02-11T11:02:37","guid":{"rendered":"http:\/\/gestoriaolivella.com\/es\/?page_id=179"},"modified":"2017-11-23T08:15:14","modified_gmt":"2017-11-23T07:15:14","slug":"quienes-somos","status":"publish","type":"page","link":"https:\/\/gestoriaolivella.com\/es\/quienes-somos\/","title":{"rendered":"Quienes somos"},"content":{"rendered":"<div id=\"pl-179\"  class=\"panel-layout\" ><div id=\"pg-179-0\"  class=\"panel-grid panel-no-style\" ><div id=\"pgc-179-0-0\"  class=\"panel-grid-cell\" ><div id=\"panel-179-0-0-0\" class=\"so-panel widget widget_sow-image panel-first-child\" data-index=\"0\" ><div\n\t\t\t\n\t\t\tclass=\"so-widget-sow-image so-widget-sow-image-default-8b5b6f678277-179\"\n\t\t\t\n\t\t>\n<div class=\"sow-image-container\">\n\t\t<img \n\tsrc=\"https:\/\/gestoriaolivella.com\/wp-content\/uploads\/2017\/07\/slide-03.jpg\" srcset=\"https:\/\/gestoriaolivella.com\/wp-content\/uploads\/2017\/07\/slide-03.jpg 2600w, https:\/\/gestoriaolivella.com\/wp-content\/uploads\/2017\/07\/slide-03-300x104.jpg 300w, https:\/\/gestoriaolivella.com\/wp-content\/uploads\/2017\/07\/slide-03-768x266.jpg 768w, https:\/\/gestoriaolivella.com\/wp-content\/uploads\/2017\/07\/slide-03-1024x354.jpg 1024w, https:\/\/gestoriaolivella.com\/wp-content\/uploads\/2017\/07\/slide-03-601x208.jpg 601w, https:\/\/gestoriaolivella.com\/wp-content\/uploads\/2017\/07\/slide-03-606x210.jpg 606w\" sizes=\"(max-width: 2600px) 100vw, 2600px\" alt=\"\" \t\tclass=\"so-widget-image\"\/>\n\t<\/div>\n\n<\/div><\/div><div id=\"panel-179-0-0-1\" class=\"so-panel widget widget_sow-editor panel-last-child\" data-index=\"1\" ><div\n\t\t\t\n\t\t\tclass=\"so-widget-sow-editor so-widget-sow-editor-base\"\n\t\t\t\n\t\t>\n<div class=\"siteorigin-widget-tinymce textwidget\">\n\t<p><strong>Gestor\u00eda Olivella<\/strong> es un despacho profesional multi-disciplinar situado a Vilafranca del Pened\u00e8s que fue fundado en el a\u00f1o 1939 para dar un servicio integral a las empresa y a los particulares. La experiencia acumulada durante todos estos a\u00f1os la hemos conjugado con nuestro esp\u00edritu innovador, dando como resultado un servicio diferente para nuestros clientes.<\/p>\n<p>Junto al asesoramiento a particulares y a Pymes en los \u00e1mbitos: fiscal-contable, laboral, veh\u00edculos y seguros tambi\u00e9n nos caracteriza nuestra area de ingenier\u00eda.<\/p>\n<p>Ante el cliente somos personas implicadas y comprometidas con sus inquietudes. Priorizamos la calidad y buscamos la excelencia en nuestros servicios.<\/p>\n<p>Somos una organizaci\u00f3n que se ocupa de cada miembro de nuestro equipo. Respetamos la diversidad y fomentamos el desarrollo personal.<\/p>\n<\/div>\n<\/div><\/div><\/div><\/div><\/div>","protected":false},"excerpt":{"rendered":"<p>Gestor\u00eda Olivella es un despacho profesional multi-disciplinar situado a Vilafranca del Pened\u00e8s que fue fundado en el a\u00f1o 1939 para dar un servicio integral a las empresa y a los particulares. La experiencia acumulada durante todos estos a\u00f1os la hemos conjugado con nuestro esp\u00edritu innovador, dando como resultado un servicio diferente para nuestros clientes. Junto&#8230;<\/p>\n","protected":false},"author":2,"featured_media":0,"parent":0,"menu_order":0,"comment_status":"closed","ping_status":"closed","template":"","meta":{"footnotes":""},"class_list":["post-179","page","type-page","status-publish","hentry"],"_links":{"self":[{"href":"https:\/\/gestoriaolivella.com\/es\/wp-json\/wp\/v2\/pages\/179","targetHints":{"allow":["GET"]}}],"collection":[{"href":"https:\/\/gestoriaolivella.com\/es\/wp-json\/wp\/v2\/pages"}],"about":[{"href":"https:\/\/gestoriaolivella.com\/es\/wp-json\/wp\/v2\/types\/page"}],"author":[{"embeddable":true,"href":"https:\/\/gestoriaolivella.com\/es\/wp-json\/wp\/v2\/users\/2"}],"replies":[{"embeddable":true,"href":"https:\/\/gestoriaolivella.com\/es\/wp-json\/wp\/v2\/comments?post=179"}],"version-history":[{"count":8,"href":"https:\/\/gestoriaolivella.com\/es\/wp-json\/wp\/v2\/pages\/179\/revisions"}],"predecessor-version":[{"id":255,"href":"https:\/\/gestoriaolivella.com\/es\/wp-json\/wp\/v2\/pages\/179\/revisions\/255"}],"wp:attachment":[{"href":"https:\/\/gestoriaolivella.com\/es\/wp-json\/wp\/v2\/media?parent=179"}],"curies":[{"name":"wp","href":"https:\/\/api.w.org\/{rel}","templated":true}]}}

<div id="pl-179"  class="panel-layout" ><div id="pg-179-0"  class="panel-grid panel-no-style" ><div id="pgc-179-0-0"  class="panel-grid-cell" ><div id="panel-179-0-0-0" class="so-panel widget widget_sow-image panel-first-child" data-index="0" ><div
			
			class="so-widget-sow-image so-widget-sow-image-default-8b5b6f678277-179"
			
		>
<div class="sow-image-container">
		<img 
	src="https://gestoriaolivella.com/wp-content/uploads/2017/07/slide-03.jpg" srcset="https://gestoriaolivella.com/wp-content/uploads/2017/07/slide-03.jpg 2600w, https://gestoriaolivella.com/wp-content/uploads/2017/07/slide-03-300x104.jpg 300w, https://gestoriaolivella.com/wp-content/uploads/2017/07/slide-03-768x266.jpg 768w, https://gestoriaolivella.com/wp-content/uploads/2017/07/slide-03-1024x354.jpg 1024w, https://gestoriaolivella.com/wp-content/uploads/2017/07/slide-03-601x208.jpg 601w, https://gestoriaolivella.com/wp-content/uploads/2017/07/slide-03-606x210.jpg 606w" sizes="(max-width: 2600px) 100vw, 2600px" alt="" 		class="so-widget-image"/>
	</div>

</div></div><div id="panel-179-0-0-1" class="so-panel widget widget_sow-editor panel-last-child" data-index="1" ><div
			
			class="so-widget-sow-editor so-widget-sow-editor-base"
			
		>
<div class="siteorigin-widget-tinymce textwidget">
	<p><strong>Gestoría Olivella</strong> es un despacho profesional multi-disciplinar situado a Vilafranca del Penedès que fue fundado en el año 1939 para dar un servicio integral a las empresa y a los particulares. La experiencia acumulada durante todos estos años la hemos conjugado con nuestro espíritu innovador, dando como resultado un servicio diferente para nuestros clientes.</p>
<p>Junto al asesoramiento a particulares y a Pymes en los ámbitos: fiscal-contable, laboral, vehículos y seguros también nos caracteriza nuestra area de ingeniería.</p>
<p>Ante el cliente somos personas implicadas y comprometidas con sus inquietudes. Priorizamos la calidad y buscamos la excelencia en nuestros servicios.</p>
<p>Somos una organización que se ocupa de cada miembro de nuestro equipo. Respetamos la diversidad y fomentamos el desarrollo personal.</p>
</div>
</div></div></div></div></div>

<p>Gestoría Olivella es un despacho profesional multi-disciplinar situado a Vilafranca del Penedès que fue fundado en el año 1939 para dar un servicio integral a las empresa y a los particulares. La experiencia acumulada durante todos estos años la hemos conjugado con nuestro espíritu innovador, dando como resultado un servicio diferente para nuestros clientes. Junto&#8230;</p>
